7433 a prime number?
True
Is 454823 a composite number?
False
Is 235435 composite?
True
Is 469321 prime?
True
Is 24347 prime?
False
Is 24359 a composite number?
False
Is 11405 prime?
False
Is 50497 prime?
True
Is 15767 prime?
True
Is 50555 composite?
True
Is 1217 a composite number?
False
Is 292921 prime?
True
Is 25217 composite?
True
Is 14669 prime?
True
Is 692983 prime?
True
Is 113591 prime?
True
Is 1867 composite?
False
Is 78149 prime?
False
Is 459023 a prime number?
True
Is 103317 prime?
False
Is 6821 composite?
True
Is 711727 composite?
False
Is 75197 composite?
True
Is 51581 a prime number?
True
Is 31541 a prime number?
True
Is 179021 composite?
False
Is 3305627 a composite number?
True
Is 5431 prime?
True
Is 144941 composite?
False
Is 76019 composite?
True
Is 331099 composite?
False
Is 49429 prime?
True
Is 675359 prime?
False
Is 19289 a prime number?
True
Is 21849 a prime number?
False
Is 444874 composite?
True
Is 299053 a composite number?
False
Is 700213 prime?
False
Is 44071 a composite number?
False
Is 851597 prime?
True
Is 3017 prime?
False
Is 13553 composite?
False
Is 37459 a prime number?
False
Is 101527 composite?
False
Is 654527 composite?
False
Is 173429 a composite number?
False
Is 15253 composite?
True
Is 146743 a prime number?
True
Is 671443 a composite number?
False
Is 9155 composite?
True
Is 227179 a prime number?
False
Is 14369 composite?
False
Is 25 composite?
True
Is 73111 a composite number?
True
Is 2039 composite?
False
Is 729103 prime?
False
Is 37703 a composite number?
True
Is 38887 a prime number?
False
Is 5779 a prime number?
True
Is 1487105 composite?
True
Is 4703 a prime number?
True
Is 89189 composite?
False
Is 300574 prime?
False
Is 5723 prime?
False
Is 11089 a prime number?
False
Is 4421 a composite number?
False
Is 12197 a prime number?
True
Is 240539 composite?
True
Is 1444181 a composite number?
False
Is 8779 a prime number?
True
Is 11579 a composite number?
False
Is 17657 prime?
True
Is 60833 composite?
True
Is 1847283 a composite number?
True
Is 41011 a composite number?
False
Is 1305271 composite?
True
Is 9293 prime?
True
Is 1973 prime?
True
Is 508427 a composite number?
True
Is 8917 prime?
False
Is 1360171 composite?
False
Is 50681 prime?
False
Is 8947 a prime number?
False
Is 5813 prime?
True
Is 21971 composite?
True
Is 94201 prime?
True
Is 21377 a composite number?
False
Is 221381 a composite number?
True
Is 33457 a prime number?
True
Is 10291 a composite number?
True
Is 106637 prime?
True
Is 6761 prime?
True
Is 1255 composite?
True
Is 2973 a prime number?
False
Is 268123 a composite number?
False
Is 7037 a prime number?
False
Is 7253 composite?
False
Is 9109 prime?
True
Is 13982 prime?
False
Is 2939 prime?
True
Is 15131 prime?
True
Is 1196837 a composite number?
False
Is 33133 composite?
True
Is 158965 prime?
False
Is 477827 composite?
True
Is 143863 prime?
False
Is 31531 a prime number?
True
Is 126781 prime?
True
Is 10646 prime?
False
Is 67441 prime?
False
Is 86923 prime?
True
Is 2775001 composite?
False
Is 403817 prime?
True
Is 264391 composite?
False
Is 74293 prime?
True
Is 3309 composite?
True
Is 37919 a composite number?
True
Is 27509 a prime number?
True
Is 1588711 a composite number?
False
Is 731369 composite?
False
Is 312751 composite?
True
Is 13997 a prime number?
True
Is 16249 composite?
False
Is 612923 a composite number?
False
Is 965597 a prime number?
False
Is 467 prime?
True
Is 52837 a composite number?
False
Is 177943 composite?
False
Is 13285 a composite number?
True
Is 16183 a prime number?
True
Is 4201 prime?
True
Is 12695 a prime number?
False
Is 8663 composite?
False
Is 143357 a prime number?
True
Is 62669 prime?
False
Is 5911 composite?
True
Is 1367761 a composite number?
False
Is 27067 a prime number?
True
Is 36887 a composite number?
False
Is 108331 composite?
True
Is 1078403 prime?
True
Is 102407 a prime number?
True
Is 7045 composite?
True
Is 523003 a prime number?
False
Is 7763 prime?
False
Is 9599 a prime number?
False
Is 30079 composite?
True
Is 12607 a prime number?
False
Is 3907 prime?
True
Is 85222 prime?
False
Is 6109 a composite number?
True
Is 146911 a prime number?
False
Is 907097 composite?
True
Is 102803 a composite number?
True
Is 455333 composite?
False
Is 1277 a composite number?
False
Is 49069 a prime number?
True
Is 53687 prime?
False
Is 1109 composite?
False
Is 1076611 a prime number?
True
Is 163934 a prime number?
False
Is 124067 a composite number?
False
Is 13799 a prime number?
True
Is 51971 prime?
True
Is 122062 prime?
False
Is 1388587 a composite number?
False
Is 2215 a prime number?
False
Is 1477417 composite?
True
Is 5906 composite?
True
Is 5183 a composite number?
True
Is 30353 a composite number?
True
Is 1664935 a prime number?
False
Is 890138 composite?
True
Is 27847 a composite number?
False
Is 2312511 composite?
True
Is 2909 composite?
False
Is 273773 a composite number?
False
Is 5878 a composite number?
True
Is 31299 prime?
False
Is 745 composite?
True
Is 2153 a prime number?
True
Is 9479 prime?
True
Is 23623 prime?
True
Is 15997 a prime number?
False
Is 1198 composite?
True
Is 572597 a composite number?
False
Is 2837222 prime?
False
Is 42479 prime?
False
Is 133879 a composite number?
True
Is 1298273 a composite number?
True
Is 56941 a composite number?
False
Is 350941 a prime number?
True
Is 528187 composite?
True
Is 11665 a prime number?
False
Is 80849 a composite number?
False
Is 62267 prime?
False
Is 20714 composite?
True
Is 2743079 composite?
False
Is 264349 a composite number?
False
Is 16001 a prime number?
True
Is 1847 a composite number?
False
Is 395669 composite?
True
Is 9377 composite?
False
Is 580739 composite?
True
Is 342471 prime?
False
Is 99961 prime?
True
Is 20051 a composite number?
False
Is 55381 composite?
False
Is 10909 a prime number?
True
Is 16301 a composite number?
False
Is 216677 prime?
False
Is 68707 a composite number?
True
Is 7121 a prime number?
True
Is 5579 a composite number?
True
Is 649 a composite number?
True
Is 855187 a prime number?
True
Is 79969 prime?
False
Is 19841 prime?
True
Is 4319 a prime number?
False
Is 17647 a composite number?
True
Is 146191 a prime number?
True
Is 329569 composite?
True
Is 116089 a prime number?
True
Is 1077 a prime number?
False
Is 452243 a composite number?
True
Is 3091 a prime number?
False
Is 557 a prime number?
True
Is 83263 prime?
False
Is 68246 a prime number?
False
Is 208697 a composite number?
False
Is 596654 composite?
True
Is 67159 prime?
False
Is 22291 composite?
False
Is 2598847 a prime number?
True
Is 159787 a prime number?
True
Is 4905253 a prime number?
True
Is 31883 prime?
True
Is 15905 a composite number?
True
Is 1793 a composite number?
True
Is 37 prime?
True
Is 296011 a prime number?
True
Is 1135 a prime number?
False
Is 1417 a composite number?
True
Is 14959 prime?
False
Is 37397 a composite number?
False
Is 150611 prime?
True
Is 232109 a composite number?
False
Is 2410027 composite?
False
Is 37043 composite?
True
Is 1571561 prime?
False
Is 5257 a composite number?
True
Is 15893 a prime number?
False
Is 4952569 prime?
True
Is 39187 composite?
True
Is 68567 composite?
False
Is 35543 a prime number?
True
Is 11863 composite?
False
Is 12443 prime?
False
Is 404801 a composite number?
True
Is 2129 a prime number?
True
Is 509711 prime?
False
Is 9913 prime?
False
Is 789251 prime?
True
Is 111659 prime?
True
Is 16477 composite?
False
Is 81611 prime?
True
Is 5701 a composite number?
False
Is 10831 composite?
False
Is 138377 a prime number?
False
Is 65479 composite?
False
Is 15685 composite?
True
Is 7279 prime?
False
Is 1959497 a composite number?
True
Is 4195 composite?
True
Is 261179 composite?
True
Is 40987 a prime number?
False
Is 55951 prime?
False
Is 61909 prime?
True
Is 20206 a composite number?
True
Is 35857 a composite number?
True
Is 399473 composite?
False
Is 7853 a prime number?
True
Is 417085 a composite number?
True
Is 7409 prime?
False
Is 1227739 prime?
False
Is 4356295 a composite number?
True
Is 48449 prime?
True
Is 12763 a composite number?
False
Is 52991 prime?
False
Is 125263 composite?
True
Is 3907 a prime number?
True
Is 29137 composite?
False
Is 921 a prime number?
False
Is 804971 a composite number?
True
Is 11017 prime?
False
Is 32183 composit